{"id":225,"date":"2025-05-01T19:52:30","date_gmt":"2025-05-01T19:52:30","guid":{"rendered":"https:\/\/aiza.coach\/?page_id=225"},"modified":"2025-06-14T18:16:58","modified_gmt":"2025-06-14T18:16:58","slug":"raindrop-technique","status":"publish","type":"page","link":"https:\/\/aiza.coach\/index.php\/raindrop-technique\/","title":{"rendered":"Raindrop Technique"},"content":{"rendered":"<p>[et_pb_section fb_built=&#8221;1&#8243; _builder_version=&#8221;4.27.4&#8243; _module_preset=&#8221;default&#8221; background_color=&#8221;#E6DFD6&#8243; bottom_divider_style=&#8221;curve2&#8243; bottom_divider_color=&#8221;#F6F4F1&#8243; bottom_divider_repeat=&#8221;1x&#8221; global_colors_info=&#8221;{}&#8221;][et_pb_row _builder_version=&#8221;4.27.4&#8243; _module_preset=&#8221;default&#8221; global_colors_info=&#8221;{}&#8221;][et_pb_column type=&#8221;4_4&#8243; _builder_version=&#8221;4.27.4&#8243; _module_preset=&#8221;default&#8221; global_colors_info=&#8221;{}&#8221;][et_pb_text _builder_version=&#8221;4.27.4&#8243; _module_preset=&#8221;default&#8221; global_colors_info=&#8221;{}&#8221;]<\/p>\n<h1 style=\"text-align: center;\">Raindrop Technique<\/h1>\n<p>[\/et_pb_text][\/et_pb_column][\/et_pb_row][\/et_pb_section][et_pb_section fb_built=&#8221;1&#8243; _builder_version=&#8221;4.27.4&#8243; _module_preset=&#8221;default&#8221; background_color=&#8221;#F6F4F1&#8243; top_divider_color=&#8221;#E6DFD6&#8243; global_colors_info=&#8221;{}&#8221;][et_pb_row column_structure=&#8221;3_5,2_5&#8243; make_equal=&#8221;on&#8221; _builder_version=&#8221;4.27.4&#8243; _module_preset=&#8221;default&#8221; global_colors_info=&#8221;{}&#8221;][et_pb_column type=&#8221;3_5&#8243; module_class=&#8221;ds-vertical-align&#8221; _builder_version=&#8221;4.27.4&#8243; _module_preset=&#8221;default&#8221; background_enable_image=&#8221;off&#8221; global_colors_info=&#8221;{}&#8221;][et_pb_text _builder_version=&#8221;4.27.4&#8243; _module_preset=&#8221;default&#8221; global_colors_info=&#8221;{}&#8221;]<\/p>\n<p><strong>Raindrop Technique \u2013 Diepe ontspanning met essenti\u00eble oli\u00ebn<\/strong><\/p>\n<p>De Raindrop Technique is een krachtige massage die etherische oli\u00ebn direct op de huid aanbrengt, gevolgd door een ontspannende massage. Het is een unieke manier om het lichaam en de geest te kalmeren, spanning los te laten en het zelfhelende vermogen te activeren. Deze techniek combineert de kracht van etherische oli\u00ebn met gerichte massage om het zenuwstelsel tot rust te brengen en het lichaam in balans te brengen.<\/p>\n<p>[\/et_pb_text][et_pb_text _builder_version=&#8221;4.27.4&#8243; _module_preset=&#8221;default&#8221; global_colors_info=&#8221;{}&#8221;]<\/p>\n<p>Bij de Raindrop Technique worden verschillende etherische oli\u00ebn in lagen op de rug en voetzolen aangebracht. Elke olie heeft een specifieke werking, zoals ontspanning, reiniging of energetische balans. Door de combinatie van oli\u00ebn en de massage worden blokkades in het lichaam opgeheven, en ontstaat er ruimte voor heling en ontspanning.<\/p>\n<ul><\/ul>\n<p>[\/et_pb_text][\/et_pb_column][et_pb_column type=&#8221;2_5&#8243; module_class=&#8221;ds-vertical-align&#8221; _builder_version=&#8221;4.27.4&#8243; _module_preset=&#8221;default&#8221; background_enable_image=&#8221;off&#8221; global_colors_info=&#8221;{}&#8221;][et_pb_image src=&#8221;https:\/\/aiza.coach\/wp-content\/uploads\/2025\/06\/A-Raindrop-Technique-1-.png&#8221; alt=&#8221;aroma-ruiken-olie&#8221; title_text=&#8221;A- Raindrop-Technique &#8211; 1&#8243; _builder_version=&#8221;4.27.4&#8243; _module_preset=&#8221;default&#8221; border_width_all=&#8221;7px&#8221; border_color_all=&#8221;#9F9182&#8243; global_colors_info=&#8221;{}&#8221;][\/et_pb_image][\/et_pb_column][\/et_pb_row][et_pb_row make_equal=&#8221;on&#8221; _builder_version=&#8221;4.27.4&#8243; _module_preset=&#8221;default&#8221; background_color=&#8221;#879576&#8243; global_colors_info=&#8221;{}&#8221;][et_pb_column type=&#8221;4_4&#8243; module_class=&#8221;ds-vertical-align&#8221; _builder_version=&#8221;4.27.4&#8243; _module_preset=&#8221;default&#8221; global_colors_info=&#8221;{}&#8221;][et_pb_text _builder_version=&#8221;4.27.4&#8243; _module_preset=&#8221;default&#8221; background_layout=&#8221;dark&#8221; custom_padding=&#8221;|20px||20px|false|false&#8221; global_colors_info=&#8221;{}&#8221;]<\/p>\n<p><strong>De voordelen van de Raindrop Technique zijn onder andere:<\/strong><\/p>\n<p><strong><\/strong><\/p>\n<ul>\n<li><strong>Verlichting van stress en spanning:<\/strong> Het kalmeert het zenuwstelsel en bevordert diepe ontspanning.<\/li>\n<li><strong>Verbeterde bloedsomloop:<\/strong> De oli\u00ebn kunnen helpen bij het bevorderen van een gezonde circulatie.<\/li>\n<li><strong>Ondersteuning bij het afvoeren van toxines:<\/strong> De oli\u00ebn dragen bij aan het reinigen van het lichaam op cellulair niveau.<\/li>\n<li><strong>Lichamelijke en emotionele balans:<\/strong> De Raindrop Technique helpt om zowel fysieke als emotionele spanningen los te laten.<\/li>\n<li><strong>Verlichting bij klachten zoals spierpijn, hoofdpijn, slaapproblemen of verkoudheid.<\/strong><\/li>\n<li><strong>Brengt de energie in het lichaam opnieuw in balans<\/strong><\/li>\n<\/ul>\n<p>[\/et_pb_text][\/et_pb_column][\/et_pb_row][et_pb_row column_structure=&#8221;1_4,1_2,1_4&#8243; _builder_version=&#8221;4.27.4&#8243; _module_preset=&#8221;default&#8221; global_colors_info=&#8221;{}&#8221;][et_pb_column type=&#8221;1_4&#8243; _builder_version=&#8221;4.27.4&#8243; _module_preset=&#8221;default&#8221; global_colors_info=&#8221;{}&#8221;][\/et_pb_column][et_pb_column type=&#8221;1_2&#8243; _builder_version=&#8221;4.27.4&#8243; _module_preset=&#8221;default&#8221; global_colors_info=&#8221;{}&#8221;][et_pb_image src=&#8221;https:\/\/aiza.coach\/wp-content\/uploads\/2025\/06\/A-Raindrop-techniek-2-.jpeg&#8221; alt=&#8221;aroma-ruiken-olie&#8221; title_text=&#8221;A &#8211; Raindrop techniek &#8211; 2&#8243; _builder_version=&#8221;4.27.4&#8243; _module_preset=&#8221;default&#8221; border_width_all=&#8221;7px&#8221; border_color_all=&#8221;#9F9182&#8243; global_colors_info=&#8221;{}&#8221;][\/et_pb_image][\/et_pb_column][et_pb_column type=&#8221;1_4&#8243; _builder_version=&#8221;4.27.4&#8243; _module_preset=&#8221;default&#8221; global_colors_info=&#8221;{}&#8221;][\/et_pb_column][\/et_pb_row][et_pb_row column_structure=&#8221;3_5,2_5&#8243; _builder_version=&#8221;4.27.4&#8243; _module_preset=&#8221;default&#8221; global_colors_info=&#8221;{}&#8221;][et_pb_column type=&#8221;3_5&#8243; _builder_version=&#8221;4.27.4&#8243; _module_preset=&#8221;default&#8221; global_colors_info=&#8221;{}&#8221;][et_pb_text _builder_version=&#8221;4.27.4&#8243; _module_preset=&#8221;default&#8221; global_colors_info=&#8221;{}&#8221;]<\/p>\n<p style=\"text-align: left;\"><span style=\"font-weight: 400;\">Gun jezelf of je kind een diepe ontspanning met de Raindrop Technique, een krachtige methode waarbij zuivere etherische oli\u00ebn van Young Living gecombineerd worden met zachte massagetechnieken.<\/span><\/p>\n<p style=\"text-align: left;\">Deze unieke behandeling ondersteunt het lichaam in ontspanning, brengt energie in balans en helpt bij het loslaten van spanning en emoties die vastzitten in het lichaam.<\/p>\n<p>[\/et_pb_text][\/et_pb_column][et_pb_column type=&#8221;2_5&#8243; _builder_version=&#8221;4.27.4&#8243; _module_preset=&#8221;default&#8221; global_colors_info=&#8221;{}&#8221;][\/et_pb_column][\/et_pb_row][et_pb_row _builder_version=&#8221;4.27.4&#8243; _module_preset=&#8221;default&#8221; global_colors_info=&#8221;{}&#8221;][et_pb_column type=&#8221;4_4&#8243; _builder_version=&#8221;4.27.4&#8243; _module_preset=&#8221;default&#8221; global_colors_info=&#8221;{}&#8221;][et_pb_text _builder_version=&#8221;4.27.4&#8243; _module_preset=&#8221;default&#8221; background_color=&#8221;RGBA(255,255,255,0)&#8221; custom_padding=&#8221;10px|10px|10px|10px|false|false&#8221; hover_enabled=&#8221;0&#8243; border_width_all=&#8221;4px&#8221; border_color_all=&#8221;#879576&#8243; global_colors_info=&#8221;{}&#8221; sticky_enabled=&#8221;0&#8243;]<\/p>\n<h3 style=\"text-align: center;\"><strong>Workshop<\/strong><\/h3>\n<p><span style=\"font-weight: 400;\">Wil je dit zelf leren? Dan kun je de Raindrop Technique als workshop volgen, zodat je deze prachtige methode thuis kunt toepassen. <br \/>Of ervaar het zelf tijdens een individuele sessie, waarbij ik de techniek afstem op wat jij of je kind op dat moment nodig heeft.<\/span><\/p>\n<p>Meer weten of een sessie plannen? Neem contact op en ontdek wat de Raindrop Technique voor jou kan betekenen.<\/p>\n<p>[\/et_pb_text][\/et_pb_column][\/et_pb_row][\/et_pb_section]<\/p>\n","protected":false},"excerpt":{"rendered":"<p>Raindrop TechniqueRaindrop Technique \u2013 Diepe ontspanning met essenti\u00eble oli\u00ebn De Raindrop Technique is een krachtige massage die etherische oli\u00ebn direct op de huid aanbrengt, gevolgd door een ontspannende massage. Het is een unieke manier om het lichaam en de geest te kalmeren, spanning los te laten en het zelfhelende vermogen te activeren. Deze techniek combineert [&hellip;]<\/p>\n","protected":false},"author":1,"featured_media":0,"parent":0,"menu_order":0,"comment_status":"closed","ping_status":"closed","template":"","meta":{"_et_pb_use_builder":"on","_et_pb_old_content":"","_et_gb_content_width":"","footnotes":""},"class_list":["post-225","page","type-page","status-publish","hentry"],"_links":{"self":[{"href":"https:\/\/aiza.coach\/index.php\/wp-json\/wp\/v2\/pages\/225","targetHints":{"allow":["GET"]}}],"collection":[{"href":"https:\/\/aiza.coach\/index.php\/wp-json\/wp\/v2\/pages"}],"about":[{"href":"https:\/\/aiza.coach\/index.php\/wp-json\/wp\/v2\/types\/page"}],"author":[{"embeddable":true,"href":"https:\/\/aiza.coach\/index.php\/wp-json\/wp\/v2\/users\/1"}],"replies":[{"embeddable":true,"href":"https:\/\/aiza.coach\/index.php\/wp-json\/wp\/v2\/comments?post=225"}],"version-history":[{"count":5,"href":"https:\/\/aiza.coach\/index.php\/wp-json\/wp\/v2\/pages\/225\/revisions"}],"predecessor-version":[{"id":293,"href":"https:\/\/aiza.coach\/index.php\/wp-json\/wp\/v2\/pages\/225\/revisions\/293"}],"wp:attachment":[{"href":"https:\/\/aiza.coach\/index.php\/wp-json\/wp\/v2\/media?parent=225"}],"curies":[{"name":"wp","href":"https:\/\/api.w.org\/{rel}","templated":true}]}}